{"id":1704,"date":"2019-11-13T04:35:58","date_gmt":"2019-11-13T03:35:58","guid":{"rendered":"https:\/\/kaefervergaser.de\/?post_type=product&#038;p=1704"},"modified":"2021-09-07T17:58:34","modified_gmt":"2021-09-07T15:58:34","slug":"pierburg-benzinpumpe-vw14-0190-kaefer-karmann-ghia-generalueberholt","status":"publish","type":"product","link":"https:\/\/kaefervergaser.de\/index.php\/produkt\/pierburg-benzinpumpe-vw14-0190-kaefer-karmann-ghia-generalueberholt\/","title":{"rendered":"Pierburg Benzinpumpe VW7-6357 K\u00e4fer Karmann Ghia &#8211; general\u00fcberholt &#8211; 113127025B"},"content":{"rendered":"<div id=\"ds_div\">\n<div align=\"center\"><span style=\"font-size: 12pt;\"><b>Originale Pierburg Benzinpumpe (kein Nachbau!!)<\/b><\/span><\/div>\n<div align=\"center\"><\/div>\n<div align=\"center\"><span style=\"font-size: 12pt;\"><b>VW K\u00e4fer \/ Karmann Ghia &#8211; nur f\u00fcr Gleichstrom Lichtmaschinen (St\u00f6\u00dfel mit 108mm)<br \/>\n<\/b><\/span><\/div>\n<div align=\"center\"><\/div>\n<div align=\"center\"><span style=\"font-size: 12pt;\"><b>general\u00fcberholt und auf Funktion &amp; Dichtigkeit gepr\u00fcft (auf 0,3-0,4 bar eingestellt)<br \/>\n<\/b><\/span><\/div>\n<div align=\"center\"><\/div>\n<div align=\"center\"><span style=\"font-size: 12pt;\"><b>Geh\u00e4use wurde glasperlgestrahlt, Membranen, Dichtungen &amp; Filter wurden ersetzt<\/b><\/span><\/div>\n<\/div>\n<div align=\"center\"><\/div>\n<div align=\"center\"><b>Vordere Abdeckung hellgelb chromatiert<\/b><\/div>\n<div id=\"ds_div\">\n<div align=\"center\"><\/div>\n<div align=\"center\"><span style=\"font-size: 12pt;\"><b>Alle Schrauben wurden gegen V2A in Originaloptik ersetzt<\/b><\/span><\/div>\n<div align=\"center\"><\/div>\n<div align=\"center\"><span style=\"font-size: 12pt;\"><strong>Kennung &#8222;VW7 &#8211; 6357&#8220; &#8211; 113127025B <\/strong><\/span><\/div>\n<div align=\"center\"><\/div>\n<div align=\"center\"><span style=\"font-size: 12pt;\"><strong>Beide Sockeldichtungen f\u00fcr den Einbau liegen bei.<br \/>\n<\/strong><\/span><\/div>\n<div align=\"center\"><\/div>\n<div align=\"center\"><span style=\"font-size: 12pt;\"><b>Bitte vorab Bilder vergleichen um einen Fehlkauf zu vermeiden!<\/b><\/span><\/div>\n<\/div>\n<p>&nbsp;<\/p>\n<div style=\"text-align: center;\">\n<p><strong><span style=\"font-size: 12pt;\">\u00a0<\/span><\/strong><\/p>\n<p align=\"CENTER\"><strong><span style=\"color: #202020; font-size: 12pt;\">Benzinpumpen werden mit 1 Jahr Gew\u00e4hrleistung (\u00a7476 BGB) ausgeliefert.<\/span><\/strong><\/p>\n<p align=\"CENTER\"><strong><span style=\"color: #202020; font-size: 12pt;\">Sollten Gew\u00e4hrleistungsanspr\u00fcche geltend gemacht werden, beziehen sich diese nur auf die Benzinpumpe, <\/span><\/strong><\/p>\n<p align=\"CENTER\"><strong><span style=\"color: #202020; font-size: 12pt;\">nicht auf einen Motorschaden der durch falschen Einbau zustande gekommen ist.<\/span><\/strong><\/p>\n<p align=\"CENTER\"><strong><span style=\"color: #202020; font-size: 12pt;\">Bitte vergleichen sie vor dem Einbau, dass die Benzinpumpe die richtige f\u00fcr ihren Motor ist.<\/span><\/strong><\/p>\n<p><strong><span style=\"font-size: 12pt;\">\u00a0<\/span><\/strong><\/p>\n<\/div>\n<div style=\"text-align: center;\">\n<h3 align=\"CENTER\"><\/h3>\n<div align=\"center\"><span style=\"font-size: large;\"><span style=\"font-size: medium;\"><b><img decoding=\"async\" class=\"thumbnail\" src=\"https:\/\/kaefervergaser.de\/wp-content\/uploads\/2021\/09\/6.jpg\" alt=\"\" \/>\u00a0 <\/b><\/span><\/span><\/div>\n<\/div>\n<p>&nbsp;<\/p>\n","protected":false},"excerpt":{"rendered":"<p><strong>VW7-6357<br \/>\n<\/strong><\/p>\n<h5><b>\u00a0<\/b><\/h5>\n","protected":false},"featured_media":2708,"template":"","meta":{"colormag_page_container_layout":"default_layout","colormag_page_sidebar_layout":"default_layout"},"product_brand":[],"product_cat":[63],"product_tag":[],"class_list":{"0":"post-1704","1":"product","2":"type-product","3":"status-publish","4":"has-post-thumbnail","6":"product_cat-solex-vergaser-benzinpumpen-fundgrube-angebote","7":"product_shipping_class-paket_2kg","9":"first","10":"outofstock","11":"shipping-taxable","12":"purchasable","13":"product-type-simple"},"yoast_head":"<!-- This site is optimized with the Yoast SEO plugin v27.4 - https:\/\/yoast.com\/product\/yoast-seo-wordpress\/ -->\n<title>Pierburg Benzinpumpe VW14-3096 K\u00e4fer Karmann Ghia - general\u00fcberholt<\/title>\n<meta name=\"description\" content=\"Pierburg Benzinpumpe VW7-6357 K\u00e4fer Karmann Ghia - general\u00fcberholt - 113127025BK\u00e4fervergaser.de\" \/>\n<meta name=\"robots\" content=\"index, follow, max-snippet:-1, max-image-preview:large, max-video-preview:-1\" \/>\n<link rel=\"canonical\" href=\"https:\/\/kaefervergaser.de\/index.php\/produkt\/pierburg-benzinpumpe-vw14-0190-kaefer-karmann-ghia-generalueberholt\/\" \/>\n<meta property=\"og:locale\" content=\"de_DE\" \/>\n<meta property=\"og:type\" content=\"article\" \/>\n<meta property=\"og:title\" content=\"Pierburg Benzinpumpe VW14-3096 K\u00e4fer Karmann Ghia - general\u00fcberholt\" \/>\n<meta property=\"og:description\" content=\"Pierburg Benzinpumpe VW7-6357 K\u00e4fer Karmann Ghia - general\u00fcberholt - 113127025BK\u00e4fervergaser.de\" \/>\n<meta property=\"og:url\" content=\"https:\/\/kaefervergaser.de\/index.php\/produkt\/pierburg-benzinpumpe-vw14-0190-kaefer-karmann-ghia-generalueberholt\/\" \/>\n<meta property=\"og:site_name\" content=\"K\u00e4fervergaser.de\" \/>\n<meta property=\"article:modified_time\" content=\"2021-09-07T15:58:34+00:00\" \/>\n<meta property=\"og:image\" content=\"https:\/\/kaefervergaser.de\/wp-content\/uploads\/2019\/11\/IMG_1594.jpg\" \/>\n\t<meta property=\"og:image:width\" content=\"1920\" \/>\n\t<meta property=\"og:image:height\" content=\"1280\" \/>\n\t<meta property=\"og:image:type\" content=\"image\/jpeg\" \/>\n<meta name=\"twitter:card\" content=\"summary_large_image\" \/>\n<meta name=\"twitter:label1\" content=\"Gesch\u00e4tzte Lesezeit\" \/>\n\t<meta name=\"twitter:data1\" content=\"1\u00a0Minute\" \/>\n<script type=\"application\/ld+json\" class=\"yoast-schema-graph\">{\"@context\":\"https:\\\/\\\/schema.org\",\"@graph\":[{\"@type\":\"WebPage\",\"@id\":\"https:\\\/\\\/kaefervergaser.de\\\/index.php\\\/produkt\\\/pierburg-benzinpumpe-vw14-0190-kaefer-karmann-ghia-generalueberholt\\\/\",\"url\":\"https:\\\/\\\/kaefervergaser.de\\\/index.php\\\/produkt\\\/pierburg-benzinpumpe-vw14-0190-kaefer-karmann-ghia-generalueberholt\\\/\",\"name\":\"Pierburg Benzinpumpe VW14-3096 K\u00e4fer Karmann Ghia - general\u00fcberholt\",\"isPartOf\":{\"@id\":\"https:\\\/\\\/kaefervergaser.de\\\/#website\"},\"primaryImageOfPage\":{\"@id\":\"https:\\\/\\\/kaefervergaser.de\\\/index.php\\\/produkt\\\/pierburg-benzinpumpe-vw14-0190-kaefer-karmann-ghia-generalueberholt\\\/#primaryimage\"},\"image\":{\"@id\":\"https:\\\/\\\/kaefervergaser.de\\\/index.php\\\/produkt\\\/pierburg-benzinpumpe-vw14-0190-kaefer-karmann-ghia-generalueberholt\\\/#primaryimage\"},\"thumbnailUrl\":\"https:\\\/\\\/kaefervergaser.de\\\/wp-content\\\/uploads\\\/2019\\\/11\\\/IMG_1594.jpg\",\"datePublished\":\"2019-11-13T03:35:58+00:00\",\"dateModified\":\"2021-09-07T15:58:34+00:00\",\"description\":\"Pierburg Benzinpumpe VW7-6357 K\u00e4fer Karmann Ghia - general\u00fcberholt - 113127025BK\u00e4fervergaser.de\",\"breadcrumb\":{\"@id\":\"https:\\\/\\\/kaefervergaser.de\\\/index.php\\\/produkt\\\/pierburg-benzinpumpe-vw14-0190-kaefer-karmann-ghia-generalueberholt\\\/#breadcrumb\"},\"inLanguage\":\"de\",\"potentialAction\":[{\"@type\":\"ReadAction\",\"target\":[\"https:\\\/\\\/kaefervergaser.de\\\/index.php\\\/produkt\\\/pierburg-benzinpumpe-vw14-0190-kaefer-karmann-ghia-generalueberholt\\\/\"]}]},{\"@type\":\"ImageObject\",\"inLanguage\":\"de\",\"@id\":\"https:\\\/\\\/kaefervergaser.de\\\/index.php\\\/produkt\\\/pierburg-benzinpumpe-vw14-0190-kaefer-karmann-ghia-generalueberholt\\\/#primaryimage\",\"url\":\"https:\\\/\\\/kaefervergaser.de\\\/wp-content\\\/uploads\\\/2019\\\/11\\\/IMG_1594.jpg\",\"contentUrl\":\"https:\\\/\\\/kaefervergaser.de\\\/wp-content\\\/uploads\\\/2019\\\/11\\\/IMG_1594.jpg\",\"width\":1920,\"height\":1280,\"caption\":\"Pierburg Benzinpumpe VW7-6357 K\u00e4fer Karmann Ghia - general\u00fcberholt\"},{\"@type\":\"BreadcrumbList\",\"@id\":\"https:\\\/\\\/kaefervergaser.de\\\/index.php\\\/produkt\\\/pierburg-benzinpumpe-vw14-0190-kaefer-karmann-ghia-generalueberholt\\\/#breadcrumb\",\"itemListElement\":[{\"@type\":\"ListItem\",\"position\":1,\"name\":\"Startseite\",\"item\":\"https:\\\/\\\/kaefervergaser.de\\\/\"},{\"@type\":\"ListItem\",\"position\":2,\"name\":\"Shop\",\"item\":\"https:\\\/\\\/kaefervergaser.de\\\/\"},{\"@type\":\"ListItem\",\"position\":3,\"name\":\"Pierburg Benzinpumpe VW7-6357 K\u00e4fer Karmann Ghia &#8211; general\u00fcberholt &#8211; 113127025B\"}]},{\"@type\":\"WebSite\",\"@id\":\"https:\\\/\\\/kaefervergaser.de\\\/#website\",\"url\":\"https:\\\/\\\/kaefervergaser.de\\\/\",\"name\":\"K\u00e4fervergaser.de\",\"description\":\"Der Shop rund um VW K\u00e4fer-Vergaseranlagen\",\"publisher\":{\"@id\":\"https:\\\/\\\/kaefervergaser.de\\\/#organization\"},\"potentialAction\":[{\"@type\":\"SearchAction\",\"target\":{\"@type\":\"EntryPoint\",\"urlTemplate\":\"https:\\\/\\\/kaefervergaser.de\\\/?s={search_term_string}\"},\"query-input\":{\"@type\":\"PropertyValueSpecification\",\"valueRequired\":true,\"valueName\":\"search_term_string\"}}],\"inLanguage\":\"de\"},{\"@type\":\"Organization\",\"@id\":\"https:\\\/\\\/kaefervergaser.de\\\/#organization\",\"name\":\"K\u00e4fervergaser.de\",\"url\":\"https:\\\/\\\/kaefervergaser.de\\\/\",\"logo\":{\"@type\":\"ImageObject\",\"inLanguage\":\"de\",\"@id\":\"https:\\\/\\\/kaefervergaser.de\\\/#\\\/schema\\\/logo\\\/image\\\/\",\"url\":\"https:\\\/\\\/kaefervergaser.de\\\/wp-content\\\/uploads\\\/2021\\\/09\\\/6.jpg\",\"contentUrl\":\"https:\\\/\\\/kaefervergaser.de\\\/wp-content\\\/uploads\\\/2021\\\/09\\\/6.jpg\",\"width\":400,\"height\":267,\"caption\":\"K\u00e4fervergaser.de\"},\"image\":{\"@id\":\"https:\\\/\\\/kaefervergaser.de\\\/#\\\/schema\\\/logo\\\/image\\\/\"}}]}<\/script>\n<!-- \/ Yoast SEO plugin. -->","yoast_head_json":{"title":"Pierburg Benzinpumpe VW14-3096 K\u00e4fer Karmann Ghia - general\u00fcberholt","description":"Pierburg Benzinpumpe VW7-6357 K\u00e4fer Karmann Ghia - general\u00fcberholt - 113127025BK\u00e4fervergaser.de","robots":{"index":"index","follow":"follow","max-snippet":"max-snippet:-1","max-image-preview":"max-image-preview:large","max-video-preview":"max-video-preview:-1"},"canonical":"https:\/\/kaefervergaser.de\/index.php\/produkt\/pierburg-benzinpumpe-vw14-0190-kaefer-karmann-ghia-generalueberholt\/","og_locale":"de_DE","og_type":"article","og_title":"Pierburg Benzinpumpe VW14-3096 K\u00e4fer Karmann Ghia - general\u00fcberholt","og_description":"Pierburg Benzinpumpe VW7-6357 K\u00e4fer Karmann Ghia - general\u00fcberholt - 113127025BK\u00e4fervergaser.de","og_url":"https:\/\/kaefervergaser.de\/index.php\/produkt\/pierburg-benzinpumpe-vw14-0190-kaefer-karmann-ghia-generalueberholt\/","og_site_name":"K\u00e4fervergaser.de","article_modified_time":"2021-09-07T15:58:34+00:00","og_image":[{"width":1920,"height":1280,"url":"https:\/\/kaefervergaser.de\/wp-content\/uploads\/2019\/11\/IMG_1594.jpg","type":"image\/jpeg"}],"twitter_card":"summary_large_image","twitter_misc":{"Gesch\u00e4tzte Lesezeit":"1\u00a0Minute"},"schema":{"@context":"https:\/\/schema.org","@graph":[{"@type":"WebPage","@id":"https:\/\/kaefervergaser.de\/index.php\/produkt\/pierburg-benzinpumpe-vw14-0190-kaefer-karmann-ghia-generalueberholt\/","url":"https:\/\/kaefervergaser.de\/index.php\/produkt\/pierburg-benzinpumpe-vw14-0190-kaefer-karmann-ghia-generalueberholt\/","name":"Pierburg Benzinpumpe VW14-3096 K\u00e4fer Karmann Ghia - general\u00fcberholt","isPartOf":{"@id":"https:\/\/kaefervergaser.de\/#website"},"primaryImageOfPage":{"@id":"https:\/\/kaefervergaser.de\/index.php\/produkt\/pierburg-benzinpumpe-vw14-0190-kaefer-karmann-ghia-generalueberholt\/#primaryimage"},"image":{"@id":"https:\/\/kaefervergaser.de\/index.php\/produkt\/pierburg-benzinpumpe-vw14-0190-kaefer-karmann-ghia-generalueberholt\/#primaryimage"},"thumbnailUrl":"https:\/\/kaefervergaser.de\/wp-content\/uploads\/2019\/11\/IMG_1594.jpg","datePublished":"2019-11-13T03:35:58+00:00","dateModified":"2021-09-07T15:58:34+00:00","description":"Pierburg Benzinpumpe VW7-6357 K\u00e4fer Karmann Ghia - general\u00fcberholt - 113127025BK\u00e4fervergaser.de","breadcrumb":{"@id":"https:\/\/kaefervergaser.de\/index.php\/produkt\/pierburg-benzinpumpe-vw14-0190-kaefer-karmann-ghia-generalueberholt\/#breadcrumb"},"inLanguage":"de","potentialAction":[{"@type":"ReadAction","target":["https:\/\/kaefervergaser.de\/index.php\/produkt\/pierburg-benzinpumpe-vw14-0190-kaefer-karmann-ghia-generalueberholt\/"]}]},{"@type":"ImageObject","inLanguage":"de","@id":"https:\/\/kaefervergaser.de\/index.php\/produkt\/pierburg-benzinpumpe-vw14-0190-kaefer-karmann-ghia-generalueberholt\/#primaryimage","url":"https:\/\/kaefervergaser.de\/wp-content\/uploads\/2019\/11\/IMG_1594.jpg","contentUrl":"https:\/\/kaefervergaser.de\/wp-content\/uploads\/2019\/11\/IMG_1594.jpg","width":1920,"height":1280,"caption":"Pierburg Benzinpumpe VW7-6357 K\u00e4fer Karmann Ghia - general\u00fcberholt"},{"@type":"BreadcrumbList","@id":"https:\/\/kaefervergaser.de\/index.php\/produkt\/pierburg-benzinpumpe-vw14-0190-kaefer-karmann-ghia-generalueberholt\/#breadcrumb","itemListElement":[{"@type":"ListItem","position":1,"name":"Startseite","item":"https:\/\/kaefervergaser.de\/"},{"@type":"ListItem","position":2,"name":"Shop","item":"https:\/\/kaefervergaser.de\/"},{"@type":"ListItem","position":3,"name":"Pierburg Benzinpumpe VW7-6357 K\u00e4fer Karmann Ghia &#8211; general\u00fcberholt &#8211; 113127025B"}]},{"@type":"WebSite","@id":"https:\/\/kaefervergaser.de\/#website","url":"https:\/\/kaefervergaser.de\/","name":"K\u00e4fervergaser.de","description":"Der Shop rund um VW K\u00e4fer-Vergaseranlagen","publisher":{"@id":"https:\/\/kaefervergaser.de\/#organization"},"potentialAction":[{"@type":"SearchAction","target":{"@type":"EntryPoint","urlTemplate":"https:\/\/kaefervergaser.de\/?s={search_term_string}"},"query-input":{"@type":"PropertyValueSpecification","valueRequired":true,"valueName":"search_term_string"}}],"inLanguage":"de"},{"@type":"Organization","@id":"https:\/\/kaefervergaser.de\/#organization","name":"K\u00e4fervergaser.de","url":"https:\/\/kaefervergaser.de\/","logo":{"@type":"ImageObject","inLanguage":"de","@id":"https:\/\/kaefervergaser.de\/#\/schema\/logo\/image\/","url":"https:\/\/kaefervergaser.de\/wp-content\/uploads\/2021\/09\/6.jpg","contentUrl":"https:\/\/kaefervergaser.de\/wp-content\/uploads\/2021\/09\/6.jpg","width":400,"height":267,"caption":"K\u00e4fervergaser.de"},"image":{"@id":"https:\/\/kaefervergaser.de\/#\/schema\/logo\/image\/"}}]}},"_links":{"self":[{"href":"https:\/\/kaefervergaser.de\/index.php\/wp-json\/wp\/v2\/product\/1704","targetHints":{"allow":["GET"]}}],"collection":[{"href":"https:\/\/kaefervergaser.de\/index.php\/wp-json\/wp\/v2\/product"}],"about":[{"href":"https:\/\/kaefervergaser.de\/index.php\/wp-json\/wp\/v2\/types\/product"}],"wp:featuredmedia":[{"embeddable":true,"href":"https:\/\/kaefervergaser.de\/index.php\/wp-json\/wp\/v2\/media\/2708"}],"wp:attachment":[{"href":"https:\/\/kaefervergaser.de\/index.php\/wp-json\/wp\/v2\/media?parent=1704"}],"wp:term":[{"taxonomy":"product_brand","embeddable":true,"href":"https:\/\/kaefervergaser.de\/index.php\/wp-json\/wp\/v2\/product_brand?post=1704"},{"taxonomy":"product_cat","embeddable":true,"href":"https:\/\/kaefervergaser.de\/index.php\/wp-json\/wp\/v2\/product_cat?post=1704"},{"taxonomy":"product_tag","embeddable":true,"href":"https:\/\/kaefervergaser.de\/index.php\/wp-json\/wp\/v2\/product_tag?post=1704"}],"curies":[{"name":"wp","href":"https:\/\/api.w.org\/{rel}","templated":true}]}}